ns digit of s(6)?
0
Suppose w - 5 = 4*s, 2*w + 8 + 4 = -3*s. Let u be 4*(11/(-4) - s). What is the units digit of u*((-16)/3 - -1)?
3
Let w(k) = -2*k**3 + 48*k**2 + 3*k + 66. What is the hundreds digit of w(23)?
1
Suppose 0 = -36*w + 15960 + 1860. What is the tens digit of w?
9
Suppose -12*p - 9*p = -10584. What is the units digit of p?
4
Suppose i = -5*y + 42, 6*i + y - 282 = i. What is the tens digit of i?
5
Suppose 32 = 3*t + 221. Let o = -11 - t. What is the tens digit of o?
5
Let g = -350 - -904. What is the hundreds digit of g?
5
Let c be (54/(-12) + -2)*6*-7. Suppose 0 = 11*g - 8*g - c. What is the units digit of g?
1
Let i(d) = 31*d**2 + 2*d + 5. What is the tens digit of i(-4)?
9
Let c be 0 + (-8)/(-5) - (-40)/100. Suppose 222 = c*d - 3*x, 2*d - 277 = -5*x - 71. What is the hundreds digit of d?
1
Suppose -5*y + 547 = 502. What is the units digit of y?
9
Let x = -36 + 25. Let i(l) = 5 + 15 - 2 + l. What is the units digit of i(x)?
7
Suppose -5*z + 26 = 1. Suppose z*p - 36 = -4*l, -p - 4*p = 0. Suppose l*k + 6 = 11*k. What is the units digit of k?
3
Suppose 502 = 2*w + 134. Let c = -385 + w. What is the units digit of (-3)/27*3*c?
7
Suppose 5*f + 270 + 355 = 0. Let i = f - -242. What is the units digit of i?
7
Let l = 12 + -4. Let z = l - 6. Suppose -z*s = s - 60. What is the units digit of s?
0
Let c(w) = -w**3 - w**2 - 3*w - 5. Let z be c(-4). Let p = z - -78. Suppose -31 = -4*b + p. What is the tens digit of b?
4
Let u(o) = o**3 + 7*o**2 + 9*o - 1. Let z be u(-4). Suppose c + 8 - 40 = 0. Let d = c - z. What is the tens digit of d?
2
Suppose -39 = -3*w - 5*x, -3*x + 30 = 2*w - x. Let a(b) = -3*b**2 + b + 1. Let d be a(2). Let y = w + d. What is the units digit of y?
9
Let q(y) = y**2 - 2*y + y + y + 5*y + 22. What is the units digit of q(10)?
2
Let i(k) = -24*k + 105. What is the hundreds digit of i(-21)?
6
Let s = 576 + -363. What is the units digit of s?
3
Suppose v = 2*g + 900 + 308, v + 4*g - 1202 = 0. What is the thousands digit of v?
1
Let d(j) = -2*j**2 + 37*j + 13. Let x(i) = i**2 - 19*i - 6. Let c(a) = 3*d(a) + 5*x(a). What is the tens digit of c(6)?
6
Suppose -2*p = -9*p + 1792. Suppose 4*v - p = -2*t, 3*t + v = -2*t + 622. What is the units digit of t?
4
Let g(m) be the first derivative of 3*m**2 - 19*m + 14. What is the units digit of g(4)?
5
Let r(g) = -2*g**3 - 8*g**3 - 746*g + 746*g. What is the tens digit of r(-2)?
8
Suppose -10*o - 2675 + 7435 = 0. What is the hundreds digit of o?
4
Suppose -5*b - 10 = -25. Suppose b*q + 88 = 307. What is the tens digit of q?
7
Let x(q) = -q**3 + 9*q**2 - 5*q + 12. Let c be x(9). Let a be c/6*(-24)/2. Suppose 4*u + 5*s = 114 - 2, -2*u - 5*s + a = 0. What is the tens digit of u?
2
Suppose -2*r + 11 = 4*g + 1, 3*g + 4*r - 10 = 0. Suppose g*z - z = 46. What is the tens digit of z?
4
Suppose 4*i - 17 = -1. Suppose 0 = t + i*t - 65. Suppose z + t = 5*p, 53 = -2*z + 6*z + p. What is the units digit of z?
2
Let a = 8 - 26. What is the tens digit of ((-279)/a)/(1/4)?
6
Suppose 2*k - 533 = 507. Suppose 0 = -4*p + 6*p + 6, -2*w - 2*p + k = 0. What is the hundreds digit of w?
2
Suppose -5*c + 10 = 0, -2*c = 4*q - q - 1435. What is the hundreds digit of q?
4
Suppose 0 = -7*y + 184 + 201. What is the units digit of 1 + y/(-65) + 843/13?
5
Suppose 8*n - 5854 = 362. What is the tens digit of n?
7
Suppose -18 + 22 = 4*i. What is the units digit of (-56)/(-14) - (i + -1)?
4
What is the tens digit of ((-2)/(-4))/((15/4990)/3)?
9
Let g be (-3)/(-15) + (-55)/25 - -6. Let k(x) = -x**2 + 8*x + 3. Let z be k(6). Suppose 0 = g*c - 3*a - z, -c - a = a - 1. What is the units digit of c?
3
Let v(g) = g + 4. Let f be v(-8). Let j(u) = -11*u - 14 - 22 + 48. What is the tens digit of j(f)?
5
Let d be 2*(-3)/(-3) - 0. Suppose -4*s + 3*a + 40 = d*a, 50 = 5*s - a. Let i = 19 - s. What is the units digit of i?
9
Let k(v) = 2*v - 30. Let w be k(23). Suppose w = -2*p + 124. What is the tens digit of p?
5
Suppose -3*g = 2*g - 200. Let v = g + -28. Suppose -5*z + 2*z = 6, 0 = 2*b - 5*z - v. What is the units digit of b?
1
Let j be (-245)/(-30) + (-1)/6. What is the units digit of j/28 - 495/(-7)?
1
Suppose -6*x + 6090 = 1020. What is the units digit of x?
5
Suppose 4*k - 202 = -0*m - 2*m, 4*m - 2*k - 394 = 0. What is the tens digit of m?
9
What is the units digit of ((-564)/18 - 2)*(-6)/4?
0
Let x = -242 - -368. What is the units digit of x?
6
Let n(a) = -2*a + 4. Let h be n(-5). Suppose -13*o + h*o = 25. What is the units digit of o?
5
Suppose 0 = -n - 4*b - 37, 2*n = 2*b - 7*b - 80. Let y = n - -76. What is the units digit of y?
1
Let y = 7 + 234. Suppose 0 = 7*f - y - 536. What is the tens digit of f?
1
Let k be (-8 - -10)*(0 + 4). Suppose -6*d - 60 = -k*d. What is the tens digit of d - -1*(1 - 1)?
3
Let r be (-8)/(-4) - (-2)/(-1). Let a = r + 16. What is the units digit of a?
6
Suppose d = -55 + 59. Suppose 4*m - 116 = -3*l - 13, 0 = d*l - 2*m - 130. What is the units digit of l?
3
Let t(z) be the first derivative of 4*z**3 + 3*z**2/2 + 2*z - 20. What is the tens digit of t(-2)?
4
Suppose 4*f + 10 = 26. Suppose u - 60 = -f*u. What is the tens digit of (-2)/12 + 254/u?
2
Suppose 4*u + 5*z + 6 + 19 = 0, 0 = 3*u + 2*z + 10. Suppose -2*f + u*d = -3*d - 169, -151 = -2*f - 3*d. What is the units digit of f?
0
Let b = 132 - -28. Let i = -96 + b. What is the tens digit of i?
6
Let x = 43 + -25. Let y = x - 16. What is the units digit of (10 + y)*10/6?
0
Let f = -7 - -14. Let c(k) = -2*k - 20. Let s be c(-15). Suppose 51 = -f*a + s*a. What is the units digit of a?
7
Let p(t) = 2*t**2 + t + 2. Let i be (4 - 4) + (-4)/(-2). Suppose -i = 4*h - 14. What is the units digit of p(h)?
3
Let o(d) = -2*d**3 + 47*d**2 + 26*d + 50. What is the tens digit of o(24)?
9
Let f(m) = -8*m + 98. Let s be f(13). Suppose 151 = 4*w - 6*q + q, 2*q + 193 = 5*w. Let t = s + w. What is the tens digit of t?
3
Suppose 129 = -18*s + 6735. What is the hundreds digit of s?
3
Let q(m) = -2*m + 5*m + 0*m - 4*m + 3. Let x be q(5). What is the tens digit of (x + -1)/((-6)/50)?
2
Suppose 20 = -0*j + 4*j. Suppose 0 = 3*n - 5*t - 256, 3*t - j*t = -2. Suppose n = 2*c - 5*b, -3*c + 3*b = -8*c + 171. What is the units digit of c?
6
Let x(k) be the second derivative of k**4/6 + 5*k**3/3 - 5*k**2/2 - 2*k. Suppose q + 55 = -5*j + 6*q, -41 = 4*j - 3*q. What is the units digit of x(j)?
3
Let r(w) = 2*w - 10. Let m(z) = -1. Let v(f) = 6*m(f) + r(f). Let p be v(8). Suppose -2*l - l + 120 = p. What is the tens digit of l?
4
Let l(a) = -a**2 + 6*a + 8. Let d be l(9). Let p = -16 - d. Suppose -5*q = 4*z - 118, -p*q - 4*z = q - 96. What is the units digit of q?
2
Let m(o) = 35*o - 30. Let h be m(8). Suppose 4*x + 192 = 5*l - h, 3*l - 255 = -x. What is the tens digit of l?
8
Let f = -5 - -4. Let d(j) = j**2 + j. Let t(n) = -n**3 - 12*n**2 + 4*n - 9. Let u(x) = f*t(x) - 5*d(x). What is the units digit of u(-8)?
7
Suppose -3*p + 5*d + 6558 = 0, 3*d + 28 = -p + 2228. What is the tens digit of p?
9
Suppose -5*r = -2*o - 1480, 2*o - 709 - 457 = -4*r. What is the hundreds digit of r?
2
Let g = -126 + 204. Suppose 11*t + g = 14*t. What is the units digit of t?
6
Suppose 4*u - 2*u - 30 = -4*r, -r + 25 = 3*u. Suppose -u*x = -9*x + 56. What is the units digit of (-371)/x*(-2 + -2)?
3
Let t(u) = -19*u - 51. Suppose 4*q - 2*b = -b - 47, 0 = 2*q - 5*b + 1. What is the units digit of t(q)?
6
Suppose 25 = 5*z, -2*z = 5*q - 15 - 25. Let p(m) = -m**2 + 6*m - 1. Let a be p(q). What is the units digit of (-38)/3*-3 + a?
7
Let g be (-5)/(-20) + (-1119)/12. Let w = g - -167. Suppose 0 = -4*o + 18 + w. What is the units digit of o?
3
Suppose 5*z + 5*m = 25, 5*m + 2 = 5*z - 23. Suppose 5*x + i - 3*i = 445, z*x - 4*i = 445. What is the tens digit of x?
8
Suppose 0 = 3*d + 5*q - 38, -3*d - d + 94 = -2*q. What is the tens digit of d?
2
Let j(t) = 35*t**2 + t + 2. Let g be j(-2). Suppose -o = -g + 45. What is the units digit of o?
5
Let a = -17 - -21. Suppose -a*h + 296 = 3*d, h = -d + 146 - 47. What is the units digit of d?
0
Let h(n) = 78*n**2 - 5*n - 12. What is the hundreds digit of h(-3)?
7
Suppose 3 = -d, 0 = 3*b - b - 5*d - 27. Let h(k) = 12 - b - 23*k - 2*k + 1. What is the units digit of h(-2)?
7
Let x = -420 - -667. What is the tens digit of x?
4
Suppose -2*p + 245 = -2599. What is the tens 